{"id":119,"date":"2017-11-10T14:08:51","date_gmt":"2017-11-10T14:08:51","guid":{"rendered":"http:\/\/tag_link_site_url\/blog\/"},"modified":"2026-04-02T19:13:42","modified_gmt":"2026-04-02T19:13:42","slug":"blog","status":"publish","type":"page","link":"https:\/\/rocher-barrat.fr\/?page_id=119","title":{"rendered":"Th\u00e9rapie individuelle"},"content":{"rendered":"<p>A travers le travail th\u00e9rapeutique vous pouvez d\u00e9poser ce qui vous fait souffrir, comprendre ce qui vous arrive et sortir des sch\u00e9mas r\u00e9p\u00e9titifs qui entravent votre croissance. Le travail th\u00e9rapeutique vous permet de vivre un vrai chemin de transformation et de libert\u00e9 int\u00e9rieure.<\/p>\n<p>J&#8217;ai d\u00e9velopp\u00e9 une expertise en particulier en intelligence \u00e9motionnelle et relationnelle, dans les probl\u00e9matiques de couple, du c\u00e9libat, et du lien \u00e0 l&#8217;autre en g\u00e9n\u00e9ral. Je vous aide \u00e0 d\u00e9velopper votre potentiel relationnel et votre libert\u00e9 int\u00e9rieure pour vous sentir plus vivant.<\/p>\n<p>CONSULTATIONS EN LIGNE <\/p>\n<p>En individuel<br \/>\nTarif  1h : 80 euros<\/p>\n<p>S\u00e9ances plus courtes pour les adolescents et \u00e9tudiants<br \/>\n45 min : 60 euros<\/p>\n<p>Toute s\u00e9ance annul\u00e9e moins de 24 heures avant est consid\u00e9r\u00e9e comme due (factur\u00e9e).<\/p>\n<p>Paiement par virement bancaire<br \/>\nPour prendre rendez-vous :<br \/>\n +33 6 63 41 80 17<\/p>\n","protected":false},"excerpt":{"rendered":"<p>A travers le travail th\u00e9rapeutique vous pouvez d\u00e9poser ce qui vous fait souffrir, comprendre ce qui vous arrive et sortir des sch\u00e9mas r\u00e9p\u00e9titifs qui entravent votre croissance. Le travail th\u00e9rapeutique vous permet de vivre un vrai chemin de transformation et de libert\u00e9 int\u00e9rieure. J&#8217;ai d\u00e9velopp\u00e9 une expertise en particulier en intelligence \u00e9motionnelle et relationnelle, dans&hellip; <br \/> <a class=\"read-more\" href=\"https:\/\/rocher-barrat.fr\/?page_id=119\">Leggi tutto<\/a><\/p>\n","protected":false},"author":1,"featured_media":458,"parent":0,"menu_order":0,"comment_status":"closed","ping_status":"closed","template":"","meta":{"footnotes":""},"class_list":["post-119","page","type-page","status-publish","has-post-thumbnail","hentry"],"yoast_head":"<!-- This site is optimized with the Yoast SEO plugin v20.8 - https:\/\/yoast.com\/wordpress\/plugins\/seo\/ -->\n<title>Th\u00e9rapie individuelle -<\/title>\n<meta name=\"robots\" content=\"index, follow, max-snippet:-1, max-image-preview:large, max-video-preview:-1\" \/>\n<link rel=\"canonical\" href=\"https:\/\/rocher-barrat.fr\/?page_id=119\" \/>\n<meta property=\"og:locale\" content=\"it_IT\" \/>\n<meta property=\"og:type\" content=\"article\" \/>\n<meta property=\"og:title\" content=\"Th\u00e9rapie individuelle -\" \/>\n<meta property=\"og:description\" content=\"A travers le travail th\u00e9rapeutique vous pouvez d\u00e9poser ce qui vous fait souffrir, comprendre ce qui vous arrive et sortir des sch\u00e9mas r\u00e9p\u00e9titifs qui entravent votre croissance. Le travail th\u00e9rapeutique vous permet de vivre un vrai chemin de transformation et de libert\u00e9 int\u00e9rieure. J&#8217;ai d\u00e9velopp\u00e9 une expertise en particulier en intelligence \u00e9motionnelle et relationnelle, dans&hellip; Leggi tutto\" \/>\n<meta property=\"og:url\" content=\"https:\/\/rocher-barrat.fr\/?page_id=119\" \/>\n<meta property=\"article:publisher\" content=\"https:\/\/www.facebook.com\/constance.rocherbarrat\/\" \/>\n<meta property=\"article:modified_time\" content=\"2026-04-02T19:13:42+00:00\" \/>\n<meta property=\"og:image\" content=\"https:\/\/rocher-barrat.fr\/wp-content\/uploads\/2023\/01\/image-6b.jpg\" \/>\n\t<meta property=\"og:image:width\" content=\"960\" \/>\n\t<meta property=\"og:image:height\" content=\"639\" \/>\n\t<meta property=\"og:image:type\" content=\"image\/jpeg\" \/>\n<meta name=\"twitter:card\" content=\"summary_large_image\" \/>\n<meta name=\"twitter:label1\" content=\"Tempo di lettura stimato\" \/>\n\t<meta name=\"twitter:data1\" content=\"1 minuto\" \/>\n<script type=\"application\/ld+json\" class=\"yoast-schema-graph\">{\"@context\":\"https:\/\/schema.org\",\"@graph\":[{\"@type\":\"WebPage\",\"@id\":\"https:\/\/rocher-barrat.fr\/?page_id=119\",\"url\":\"https:\/\/rocher-barrat.fr\/?page_id=119\",\"name\":\"Th\u00e9rapie individuelle -\",\"isPartOf\":{\"@id\":\"https:\/\/rocher-barrat.fr\/#website\"},\"datePublished\":\"2017-11-10T14:08:51+00:00\",\"dateModified\":\"2026-04-02T19:13:42+00:00\",\"breadcrumb\":{\"@id\":\"https:\/\/rocher-barrat.fr\/?page_id=119#breadcrumb\"},\"inLanguage\":\"it-IT\",\"potentialAction\":[{\"@type\":\"ReadAction\",\"target\":[\"https:\/\/rocher-barrat.fr\/?page_id=119\"]}]},{\"@type\":\"BreadcrumbList\",\"@id\":\"https:\/\/rocher-barrat.fr\/?page_id=119#breadcrumb\",\"itemListElement\":[{\"@type\":\"ListItem\",\"position\":1,\"name\":\"Home\",\"item\":\"https:\/\/rocher-barrat.fr\/\"},{\"@type\":\"ListItem\",\"position\":2,\"name\":\"Th\u00e9rapie individuelle\"}]},{\"@type\":\"WebSite\",\"@id\":\"https:\/\/rocher-barrat.fr\/#website\",\"url\":\"https:\/\/rocher-barrat.fr\/\",\"name\":\"\",\"description\":\"Psychologue et th\u00e9rapeute en intelligence relationnelle\",\"potentialAction\":[{\"@type\":\"SearchAction\",\"target\":{\"@type\":\"EntryPoint\",\"urlTemplate\":\"https:\/\/rocher-barrat.fr\/?s={search_term_string}\"},\"query-input\":\"required name=search_term_string\"}],\"inLanguage\":\"it-IT\"}]}<\/script>\n<!-- \/ Yoast SEO plugin. -->","yoast_head_json":{"title":"Th\u00e9rapie individuelle -","robots":{"index":"index","follow":"follow","max-snippet":"max-snippet:-1","max-image-preview":"max-image-preview:large","max-video-preview":"max-video-preview:-1"},"canonical":"https:\/\/rocher-barrat.fr\/?page_id=119","og_locale":"it_IT","og_type":"article","og_title":"Th\u00e9rapie individuelle -","og_description":"A travers le travail th\u00e9rapeutique vous pouvez d\u00e9poser ce qui vous fait souffrir, comprendre ce qui vous arrive et sortir des sch\u00e9mas r\u00e9p\u00e9titifs qui entravent votre croissance. Le travail th\u00e9rapeutique vous permet de vivre un vrai chemin de transformation et de libert\u00e9 int\u00e9rieure. J&#8217;ai d\u00e9velopp\u00e9 une expertise en particulier en intelligence \u00e9motionnelle et relationnelle, dans&hellip; Leggi tutto","og_url":"https:\/\/rocher-barrat.fr\/?page_id=119","article_publisher":"https:\/\/www.facebook.com\/constance.rocherbarrat\/","article_modified_time":"2026-04-02T19:13:42+00:00","og_image":[{"width":960,"height":639,"url":"https:\/\/rocher-barrat.fr\/wp-content\/uploads\/2023\/01\/image-6b.jpg","type":"image\/jpeg"}],"twitter_card":"summary_large_image","twitter_misc":{"Tempo di lettura stimato":"1 minuto"},"schema":{"@context":"https:\/\/schema.org","@graph":[{"@type":"WebPage","@id":"https:\/\/rocher-barrat.fr\/?page_id=119","url":"https:\/\/rocher-barrat.fr\/?page_id=119","name":"Th\u00e9rapie individuelle -","isPartOf":{"@id":"https:\/\/rocher-barrat.fr\/#website"},"datePublished":"2017-11-10T14:08:51+00:00","dateModified":"2026-04-02T19:13:42+00:00","breadcrumb":{"@id":"https:\/\/rocher-barrat.fr\/?page_id=119#breadcrumb"},"inLanguage":"it-IT","potentialAction":[{"@type":"ReadAction","target":["https:\/\/rocher-barrat.fr\/?page_id=119"]}]},{"@type":"BreadcrumbList","@id":"https:\/\/rocher-barrat.fr\/?page_id=119#breadcrumb","itemListElement":[{"@type":"ListItem","position":1,"name":"Home","item":"https:\/\/rocher-barrat.fr\/"},{"@type":"ListItem","position":2,"name":"Th\u00e9rapie individuelle"}]},{"@type":"WebSite","@id":"https:\/\/rocher-barrat.fr\/#website","url":"https:\/\/rocher-barrat.fr\/","name":"","description":"Psychologue et th\u00e9rapeute en intelligence relationnelle","potentialAction":[{"@type":"SearchAction","target":{"@type":"EntryPoint","urlTemplate":"https:\/\/rocher-barrat.fr\/?s={search_term_string}"},"query-input":"required name=search_term_string"}],"inLanguage":"it-IT"}]}},"_links":{"self":[{"href":"https:\/\/rocher-barrat.fr\/index.php?rest_route=\/wp\/v2\/pages\/119","targetHints":{"allow":["GET"]}}],"collection":[{"href":"https:\/\/rocher-barrat.fr\/index.php?rest_route=\/wp\/v2\/pages"}],"about":[{"href":"https:\/\/rocher-barrat.fr\/index.php?rest_route=\/wp\/v2\/types\/page"}],"author":[{"embeddable":true,"href":"https:\/\/rocher-barrat.fr\/index.php?rest_route=\/wp\/v2\/users\/1"}],"replies":[{"embeddable":true,"href":"https:\/\/rocher-barrat.fr\/index.php?rest_route=%2Fwp%2Fv2%2Fcomments&post=119"}],"version-history":[{"count":72,"href":"https:\/\/rocher-barrat.fr\/index.php?rest_route=\/wp\/v2\/pages\/119\/revisions"}],"predecessor-version":[{"id":1289,"href":"https:\/\/rocher-barrat.fr\/index.php?rest_route=\/wp\/v2\/pages\/119\/revisions\/1289"}],"wp:featuredmedia":[{"embeddable":true,"href":"https:\/\/rocher-barrat.fr\/index.php?rest_route=\/wp\/v2\/media\/458"}],"wp:attachment":[{"href":"https:\/\/rocher-barrat.fr\/index.php?rest_route=%2Fwp%2Fv2%2Fmedia&parent=119"}],"curies":[{"name":"wp","href":"https:\/\/api.w.org\/{rel}","templated":true}]}}